 value of -7 - (-17 - -3 - -11)?
-4
-296 + 306 - ((3 - -33) + -2 - -2)
-26
What is 3 + (-11 - (-12 - -4 - -4 - -12))?
-16
What is 9 - (10 - 4) - -6?
9
What is 7 + -2 + -2 + (1 + 2 - 5)?
1
-1 + 2 - (-13 - (8 + -34) - 2)
-10
Evaluate -18 + 4 - -5 - 2.
-11
Calculate 1 + -10 + (-6 - 5 - -17) - 9.
-12
Calculate 0 + -11 - (-6 - (0 - 8)).
-13
Calculate -33 + -4 + 25 + 28.
16
2 + (7 - 4 - 10 - -10)
5
50 - 44 - (-1 + (1 + -2 - -20))
-12
-16 - (-24 - (6 - 21))
-7
Evaluate -30 + 12 + 12 + 5.
-1
1460 + -1477 - (-1 - -6)
-22
Evaluate (7 - 0) + (5 - (8 + (-5 - 0))).
9
What is 1 - (8 - (0 + (6 - 2)))?
-3
Evaluate -1 + 17 + -1 - (3 - -1).
11
Calculate (6 - 1 - 2) + -15 + 1.
-11
(1 - 38) + (78 + -132 - -64)
-27
Evaluate -9 + -36 + (67 - -11).
33
What is the value of (26 - 33) + (-8 + 17 - -24)?
26
Calculate 2 + (15 - 17) + 0 + -9.
-9
What is the value of -39 + -1 + -3 + 34?
-9
-12 + 17 + -8 + 13
10
What is the value of (-32 - (-10 - 6)) + (-4 - -3) + 5?
-12
-8 + 3 + 10 + -14 + 17
8
What is the value of (264 - 273) + 0 + -2?
-11
What is -8 + (-8 + 15 - -2) + -7?
-6
What is the value of 6 + 7 + (-4 - (5 + -7)) + 2?
13
What is 6 + (-9 - (-3 + -4)) + 1 - 18?
-13
-11 - (4 + -6 + 1) - -16
6
5 + (-11 - 1) - (-28 + 2 - 6)
25
7 - (-4 - -21 - 7) - (1 + -13)
9
What is the value of -28 + 1 - (19 - 31) - -28?
13
Evaluate (-12 + 8 - -3) + 5 - (-12 + -6).
22
What is the value of -3 + 6 + (4 - 12) + (-3 - -5)?
-3
What is -17 + 13 + 9 + -1 + 9?
13
-13 + 0 - (-6 - 16)
9
What is the value of -3 + -1 + 19 + -10 + -13 - -5?
-3
Calculate 4 + 25 + -17 - (-1 - -6) - -7.
14
3 + -7 + 4 + -21 + 19
-2
Calculate (3 - (0 - -20)) + 17.
0
Evaluate 5 + (-6 - (11 + -17) - -11).
16
What is -25 + 35 + -46 - (0 + -7 + -1)?
-28
Calculate (12 + 0 - (8 + -3)) + 1 + -1.
7
What is 5 + -7 + (-1 + -7 - (-2 + 20))?
-28
Calculate -47 + 120 + -72 - (-6 + (1 - 0)).
6
(1 - -2 - 1) + -6 - -2
-2
What is the value of 19 - (-3 + -1 + 0) - (-79 - -87)?
15
What is the value of (-3 - (-4 - -19)) + 33?
15
What is (11 - (0 - -10)) + -5 + (0 - -5)?
1
What is the value of -25 + 1 - -15 - (-15 - -1)?
5
What is 6 + -13 - (-35 - -20) - (-3 - 2)?
13
Evaluate (31 - 31) + -8 - (-6 + -1).
-1
What is (-3 - (-6 + -1)) + -7 + 3?
0
What is (1 - -5) + 4 + 18 + -21?
7
What is the value of (-10 - -89) + -47 + (-1 - (3 + -1))?
29
Evaluate 10 + 2 + -138 + 142.
16
Evaluate -16 - (-23 - (-16 + 18)) - -17.
26
Evaluate -21 + 13 + 1 - -9.
2
-46 + 7 + 29 + -13
-23
Evaluate 8 + 0 + -9 + 8 - -2.
9
Calculate (60 - 55) + (6 - (-2 + 15)).
-2
What is 3 - (7 - -2) - (0 + 4)?
-10
What is the value of (-30 - (-2 + -1)) + (-14 + 24 - 2)?
-19
5 - (20 - (14 - 9))
-10
What is the value of 34 - 32 - (-2 - -5)?
-1
-2 - 11 - (4 + -2 + -6) - -4
-5
Calculate -26 + (-9 - -33) - -12.
10
Calculate -6 + 37 + 44 + -60.
15
What is the value of 8 + -8 - 8 - -18 - 6 - -13?
17
-13 + 0 - (-5 + 6 + -8)
-6
What is 27 + (6 - -2 - 6 - (-8 - -14))?
23
What is the value of 1 - (-1 + -3) - (3 + -5) - -6?
13
What is the value of 31 - 29 - (19 + -5 - -1)?
-13
What is (-7 + -4 - 4) + (-7 - (4 - 6))?
-20
12 - (3 - (-4 - 14))
-9
(8 - 6 - -5) + -5 + 7
9
Evaluate -17 + 21 + (-25 + -7 + 9 - 8).
-27
(16 - 8) + (8 - 10) - (11 + 0)
-5
Calculate (8 - (-15 - (-2 + -26))) + -4 + 23.
14
What is (10 - 22 - -1) + (12 - 2)?
-1
What is the value of -10 - 0 - (-21 - -5 - -12)?
-6
Calculate -14 + 2 + 4 + 17 + 3 + 7.
19
Evaluate (-19 - 36) + (54 - 11).
-12
What is 707 + -676 - (-1 + 7)?
25
Evaluate 5 + (1 + 4 - 5 - 0) + 9.
14
What is the value of 1 + (2 - 9 - (-13 - -5)) + 4?
6
6 + -2 + ((-9 - -3) + 9 - 19)
-12
Calculate 2 + 7 - (-1 - -8) - -1.
3
What is -8 + (-24 + 19 - (-1 + -18))?
6
Evaluate (0 + 0 - -11) + (1189 - 1185).
15
14 + -19 + 25 + -13
7
16 - (22 - (19 + -8))
5
11 + -22 + 0 + 9 + 1
-1
What is -5 + (2 - -8) + -15?
-10
Calculate (4 - 0) + -10 - (0 + -6 - -2).
-2
Evaluate -10 - (10 + -25) - (-13 + 4 + 0).
14
Evaluate (7 - (0 - -2)) + -4 - -3 - 7.
-3
-5 + (-2 - (3 - (7 + -4) - 6))
-1
What is (5 - 16 - (-42 + 19)) + (3 - 4)?
11
-15 + (-74 - -28) - -40
-21
What is the value of (0 - -11) + 0 + 1 - (41 + -38)?
9
Calculate -4 - (3 + -9 - (-6 - (3 + -3))).
-4
Calculate -3 + (16 + -25 - 9) + 51.
30
What is the value of -13 + 42 + -25 + 1 + 12 + -1?
16
What is the value of -5 + -2 + 1 + 6?
0
What is the value of -4 + (-7 - -10) + 5?
4
2 - -1 - (10 + (-15 - -6))
2
Calculate 3 + 15 + 7 + -6 + -8.
11
What is the value of 6 - 23 - (-2 + (-1 - (4 + -3)))?
-13
Evaluate 3 + -14 + 20 + (-2 - 2).
5
What is 88 + -111 - (4 + -34)?
7
Evaluate (-4 - (-14 + 3)) + -1 + -5 + -4.
-3
What is the value of (-5 - -17) + (-21 - -4)?
-5
What is the value of 4 + (4 - (19 - (8 + -6 - 6)))?
-15
-17 + (-18 - -7 - -17)
-11
(1 - (-3 - -7)) + -2 + -58 + 56
-7
5 + (-16 - (-37 + 24)) + (2 - 9)
-5
Calculate -2 + (-13 - (-14 + (1 - -7))).
-9
13 + (-5 - (-4 + (-4 - -4)) - 1)
11
Calculate -14 + (20 - (13 + -4)).
-3
(-2 - (2 - 2 - 2)) + 15
15
-14 + 9 + 6 + -12 + 4 - -11
4
What is -2 + (18 + 2 + -4 - (-16 - -20))?
10
What is 0 + (-7 - (24 + -29 + 15))?
-17
Evaluate 5 - (-2 - -1 - (-2 + (-14 - -9))).
-1
Calculate -7 - 11 - (-120 + 93).
9
Calculate (-50 - (-39 + 7)) + 11 + 0.
-7
-8 + (6 - 1 - -2) + 19
18
What is (-18 - -6) + (101 - 76)?
13
Calculate 12 + 18 + -6 - 24.
0
What is 21 + (8 - 0) + (-20 - (5 + -15))?
19
What is the value of (-7 - (-8 - -2 - -4)) + -5 + 2?
-8
Evaluate -6 + -13 + 10 + -14 - 11.
-34
What is the value of (-23 - -28 - (-1 - -6)) + (8 - -2)?
10
-18 + 24 - 7 - 9
-10
-4 + (-3 - -2) + (15 - (8 - -8))
-6
Calculate 3 - (-9 + -1 + 1 + 55 + -57).
14
Evaluate 7 - (10 - (7 - -22)).
26
What is -1 + (-16 - -1) - -18?
2
What is 51 - (-16 - -21 - -26)?
20
Evaluate (19 - (51 + -46)) + -10 + 2.
6
Calculate (3 - 12) + (-31 - -40).
0
What is the value of -11 + 1 - (-60 - (-19 - 40))?
-9
Evaluate (15 - 2) + (4 - 23).
-6
What is 1 + 5 + -1 + -124 + 127 + 3?
11
What is the value of 220 + -224 + (-3 + (0 - 0) - -2)?
-5
-72 + 52 + (45 - 1)
24
Calculate 14 + 1 + (18 - ((-7 - 5) + 31)).
14
What is (-11 + 18 + 8 - 11) + 19?
23
Calculate 4 + 1 + -3 + 10 - (343 + -347).
16
(-4 - (-8 - 16)) + -13 + 11
18
What is 3 + (1 - -14) + -16?
2
Calculate (-2 - (6 + -4)) + (4 - -5).
5
What is the value of (37 + -92 - -39) + -2 + -3?
-21
6 - (-10 + (7 - 7) + 9)
7
Evaluate 0 + -8 + -40 + 21 + 20.
-7
6 - 1 - (-1 - -5 - -1)
0
Evaluate 17 - (-4 + 2) - ((3 - -24) + -24).
16
Evaluate -67 + 54 - (-14 - 1) - -12.
14
What is the value of -4 + (3 - 4 - -1) + (5 - 0)?
1
What is the value of -9 - (-6 + -2 - (-5 + (-1 - -3)))?
-4
What is the value of 7 + (33 - ((23 - (-5 - -16)) + -1))?
29
Calculate (0 + -3 - 9) + 19.
7
10 + (-27 - 6) - -12
-11
Evaluate -16 - -13 - (-2 + -10).
9
Calculate 0 - 4 - 4 - (9 - 4 - 4).
-9
(34 - (9 + 1 + 15)) + -1 + -36
-28
What is -13 + -16 + 0 + 20?
-9
Evaluate -15 + 1 - (136 - 144).
-6
8 + (-3 - 1) + 4 + 2
10
Evaluate (-14 - (-3 + 5)) + -4 + -36 + 52.
-4
Evaluate 22 + (-95 - (32 + -73)).
-32
What is 9 + -33 + 19 + 7?
2
What is the value of (20 - (-5 + 14)) + -2?
9
What is the value of -220 + 212 + (10 - (0 - 1)) - 2?
1
-5 + 33 + (0 - 15)
13
Calculate -23 + 1 + (63 + -42 - (4 + 17)).
-22
What is -9 + 2 + 6 - ((-3 - -1) + -4)?
5
Evaluate -7 + 3 - ((-9 - -15) + -13).
3
Evaluate 3 - (-11 + (11 + -2 - -29)) - -3.
-21
What is the value of 30 + -15 + -1 + 7 - 7?
14
-2 + (14 - (-6 + 1))
17
-1 + -10 + (-6 - 3 - -5)
-15
Calculate 7 + -12 + 5 - (-3 + -4).
7
Calculate -4 - (-38 + 18) - 4.
12
Evaluate (-14 - -4) + 5 - -13 - (45 - 41).
4
Evaluate -27 - (-19 - -6) - -5 - 3.
-12
What is -29 + 30 - (0 + 2 - 4)?
3
What is -13 + -1 + (-4 - -4) + -2 + 8?
-8
Calculate -4 - (-6 - -9) - -4 - -4.
1
What is (-3 - 5) + -9 + -9 - -4?
-22
Calculate 26 + -22 + -42 - -23.
-15
(3 - 2) + -2 - 7
-8
Evaluate 10 + (7 - 6) - 0.
11
Calculate (3 - (8 + (5 - (4 - 0)))) + 1.
-5
What is -6 + 12 + 5 - (2 + (3 - 8))?
14
-31 + 9 + (3 - -8) - 0
-11
Evaluate 1 - -16 - (-12 - -9).
20
Calculate -7 - (-8 + -3 + (7 - -4)).
-7
What is 1 - (1 - -24 - (28 + -21))?
-17
Calculate -3 + 2 - 10 - (0 + -8 + 11).
-14
1 + 5 - (-4 + 13 - 3)
0
Calculate (-9 - -1) + 19 + -2 + -12.
-3
Calculate -6287 + 6295 + (-2 - -1 - -11).
18
Calculate (-127 - -117) + 0 + 13.
3
What is (-12 - (-1 + -2)) + (-247 - -236)?
-20
(7 + 1 - -8) + (-3 - 1) + -4
8
What is the value of 10 - (-5 - (6 - 16)) - (18 + -3)?
